{"id":1596,"date":"2021-06-23T10:32:07","date_gmt":"2021-06-23T08:32:07","guid":{"rendered":"https:\/\/amtsfeld-schule.de\/?page_id=1596"},"modified":"2021-11-02T20:07:58","modified_gmt":"2021-11-02T19:07:58","slug":"gesellschaftswissenschaft","status":"publish","type":"page","link":"https:\/\/amtsfeld-grundschule.de\/?page_id=1596","title":{"rendered":"Gesellschaftswissenschaft"},"content":{"rendered":"<p><div class=\"fusion-fullwidth fullwidth-box fusion-builder-row-1 fusion-flex-container fusion-parallax-none nonhundred-percent-fullwidth non-hundred-percent-height-scrolling fusion-no-small-visibility\" style=\"--awb-border-radius-top-left:0px;--awb-border-radius-top-right:0px;--awb-border-radius-bottom-right:0px;--awb-border-radius-bottom-left:0px;--awb-padding-top:33px;--awb-background-image:url(&quot;https:\/\/amtsfeld-grundschule.de\/wp-content\/uploads\/2021\/01\/cropped-amtsfeld_grundschule_02-1.jpg&quot;);--awb-background-size:cover;--awb-flex-wrap:wrap;\" ><div class=\"fusion-builder-row fusion-row fusion-flex-align-items-flex-start fusion-flex-content-wrap\" style=\"max-width:1404px;margin-left: calc(-4% \/ 2 );margin-right: calc(-4% \/ 2 );\"><div class=\"fusion-layout-column fusion_builder_column fusion-builder-column-0 fusion_builder_column_1_1 1_1 fusion-flex-column\" style=\"--awb-bg-size:cover;--awb-width-large:100%;--awb-margin-top-large:0px;--awb-spacing-right-large:1.92%;--awb-margin-bottom-large:50px;--awb-spacing-left-large:1.92%;--awb-width-medium:100%;--awb-order-medium:0;--awb-spacing-right-medium:1.92%;--awb-spacing-left-medium:1.92%;--awb-width-small:100%;--awb-order-small:0;--awb-spacing-right-small:1.92%;--awb-spacing-left-small:1.92%;\"><div class=\"fusion-column-wrapper fusion-column-has-shadow fusion-flex-justify-content-flex-start fusion-content-layout-column\"><div class=\"fusion-image-element \" style=\"--awb-margin-left:33px;--awb-caption-title-font-family:var(--h2_typography-font-family);--awb-caption-title-font-weight:var(--h2_typography-font-weight);--awb-caption-title-font-style:var(--h2_typography-font-style);--awb-caption-title-size:var(--h2_typography-font-size);--awb-caption-title-transform:var(--h2_typography-text-transform);--awb-caption-title-line-height:var(--h2_typography-line-height);--awb-caption-title-letter-spacing:var(--h2_typography-letter-spacing);\"><span class=\" fusion-imageframe imageframe-none imageframe-1 hover-type-none\"><img decoding=\"async\" width=\"300\" height=\"194\" title=\"Blank Chalk Board\" src=\"https:\/\/amtsfeld-grundschule.de\/wp-content\/uploads\/2021\/06\/Titel_Tafel_Gesellschaftswissenschaft-300x194.jpg\" alt class=\"img-responsive wp-image-1568\" srcset=\"https:\/\/amtsfeld-grundschule.de\/wp-content\/uploads\/2021\/06\/Titel_Tafel_Gesellschaftswissenschaft-200x129.jpg 200w, https:\/\/amtsfeld-grundschule.de\/wp-content\/uploads\/2021\/06\/Titel_Tafel_Gesellschaftswissenschaft-400x258.jpg 400w, https:\/\/amtsfeld-grundschule.de\/wp-content\/uploads\/2021\/06\/Titel_Tafel_Gesellschaftswissenschaft-600x387.jpg 600w, https:\/\/amtsfeld-grundschule.de\/wp-content\/uploads\/2021\/06\/Titel_Tafel_Gesellschaftswissenschaft-800x516.jpg 800w, https:\/\/amtsfeld-grundschule.de\/wp-content\/uploads\/2021\/06\/Titel_Tafel_Gesellschaftswissenschaft-1200x774.jpg 1200w\" sizes=\"(max-width: 1024px) 100vw, (max-width: 640px) 100vw, 1200px\" \/><\/span><\/div><\/div><\/div><\/div><\/div><div class=\"fusion-fullwidth fullwidth-box fusion-builder-row-2 fusion-flex-container nonhundred-percent-fullwidth non-hundred-percent-height-scrolling\" style=\"--awb-border-radius-top-left:0px;--awb-border-radius-top-right:0px;--awb-border-radius-bottom-right:0px;--awb-border-radius-bottom-left:0px;--awb-flex-wrap:wrap;\" ><div class=\"fusion-builder-row fusion-row fusion-flex-align-items-flex-start fusion-flex-content-wrap\" style=\"max-width:1404px;margin-left: calc(-4% \/ 2 );margin-right: calc(-4% \/ 2 );\"><div class=\"fusion-layout-column fusion_builder_column fusion-builder-column-1 fusion_builder_column_1_1 1_1 fusion-flex-column\" style=\"--awb-padding-top:12px;--awb-padding-right:12px;--awb-padding-bottom:12px;--awb-padding-left:12px;--awb-overflow:hidden;--awb-bg-color:rgba(233,233,233,0.96);--awb-bg-color-hover:rgba(233,233,233,0.96);--awb-bg-size:cover;--awb-border-color:rgba(146,37,16,0.75);--awb-border-top:12px;--awb-border-right:12px;--awb-border-bottom:12px;--awb-border-left:12px;--awb-border-style:solid;--awb-border-radius:12px 12px 12px 12px;--awb-width-large:100%;--awb-margin-top-large:33px;--awb-spacing-right-large:1.92%;--awb-margin-bottom-large:50px;--awb-spacing-left-large:1.92%;--awb-width-medium:100%;--awb-order-medium:0;--awb-spacing-right-medium:1.92%;--awb-spacing-left-medium:1.92%;--awb-width-small:100%;--awb-order-small:0;--awb-spacing-right-small:1.92%;--awb-spacing-left-small:1.92%;\"><div class=\"fusion-column-wrapper fusion-column-has-shadow fusion-flex-justify-content-flex-start fusion-content-layout-column\"><div class=\"fusion-text fusion-text-1\"><p><strong><u>Das Fach Gesellschaftswissenschaften<\/u><\/strong><\/p>\n<p>Das Fach, kurz Gewi\u00a0 genannt,\u00a0 findet sich neu im Stundenplan der 5. Klassen. Es setzt sich zusammen aus den drei Teilbereichen \u00a0Geographie, Geschichte und Politik. Dabei werden die F\u00e4cher aber nicht einzeln betrachtet, sondern es wird immer ein gro\u00dfes Ganzes aus diesen unterschiedlichen Perspektiven beleuchtet. Das kann man sich so vorstellen: Ein gro\u00dfes Oberthema wird gew\u00e4hlt, zum Beispiel\u00a0 \u201eErn\u00e4hrung\u201c. Hierbei handelt es sich \u00fcbrigens auch um das Einstiegsthema in Klasse 5. Nun schaut man durch drei verschiedene Brillengl\u00e4ser. Das erste Brillenglas spiegelt den geschichtlichen Teil wider. Wie haben sich die Menschen in der Steinzeit ern\u00e4hrt? Was brachte eine Ver\u00e4nderung am \u00dcbergang von Altsteinzeit zu Neusteinzeit? Als n\u00e4chstes sehen wir mit dem geographischen Brillenglas. Uns interessiert, wie wir uns in Deutschland ern\u00e4hren und welche Rolle dabei die Landwirtschaft spielt. Haben die verschieden Nutzungen der Landschaften Auswirkungen auf die Produkte? Hier greift auch gleich das politische Brillenglas, denn wir schauen uns an, wie Lebensmittelskandale entstehen und wie Verbraucher am Ende gesch\u00fctzt werden.<\/p>\n<p>Das Fach Gewi ist sehr vielschichtig und bietet auch immer Platz f\u00fcr aktuelle Geschehen, die die Kinder interessieren und betreffen. Hier kann an die Lebenswirklichkeit der Kinder angekn\u00fcpft werden und Schwerpunkte k\u00f6nnen auch mal verschoben werden.<\/p>\n<p>Freut euch auf ein spannendes und vielseitiges Unterrichtsfach! Wir Lehrer freuen uns auf interessierte und neugierige Kinder mit\u00a0 vielen Fragen.<\/p>\n<\/div><div class=\"fusion-text fusion-text-2\"><\/div><\/div><\/div><div class=\"fusion-layout-column fusion_builder_column fusion-builder-column-2 fusion_builder_column_1_1 1_1 fusion-flex-column\" style=\"--awb-padding-top:12px;--awb-padding-right:12px;--awb-padding-bottom:12px;--awb-padding-left:12px;--awb-overflow:hidden;--awb-bg-color:rgba(233,233,233,0.96);--awb-bg-color-hover:rgba(233,233,233,0.96);--awb-bg-size:cover;--awb-border-color:rgba(146,37,16,0.75);--awb-border-top:12px;--awb-border-right:12px;--awb-border-bottom:12px;--awb-border-left:12px;--awb-border-style:solid;--awb-border-radius:12px 12px 12px 12px;--awb-width-large:100%;--awb-margin-top-large:33px;--awb-spacing-right-large:1.92%;--awb-margin-bottom-large:50px;--awb-spacing-left-large:1.92%;--awb-width-medium:100%;--awb-order-medium:0;--awb-spacing-right-medium:1.92%;--awb-spacing-left-medium:1.92%;--awb-width-small:100%;--awb-order-small:0;--awb-spacing-right-small:1.92%;--awb-spacing-left-small:1.92%;\"><div class=\"fusion-column-wrapper fusion-column-has-shadow fusion-flex-justify-content-flex-start fusion-content-layout-column\"><div class=\"fusion-text fusion-text-3\"><h2>Projekt H\u00f6hlenmalerei<\/h2>\n<p>Im Rahmen unseres Themas &#8222;Altsteinzeit&#8220; haben sich die Sch\u00fclerInnen der Klasse 5b noch einmal intensiv mit den H\u00f6hlenmalereien besch\u00e4ftigt. Wie echte Steinzeitmenschen fertigten sie ihre Farbe selbst aus Erde her, um anschlie\u00dfend selbst eine H\u00f6hlenmalerei zu gestalten.<\/p>\n<p><img decoding=\"async\" class=\"aligncenter wp-image-2251 size-fusion-400\" src=\"https:\/\/amtsfeld-grundschule.de\/wp-content\/uploads\/2021\/10\/Hoehle1-400x292.jpg\" alt=\"\" width=\"400\" height=\"292\" srcset=\"https:\/\/amtsfeld-grundschule.de\/wp-content\/uploads\/2021\/10\/Hoehle1-200x146.jpg 200w, https:\/\/amtsfeld-grundschule.de\/wp-content\/uploads\/2021\/10\/Hoehle1-300x219.jpg 300w, https:\/\/amtsfeld-grundschule.de\/wp-content\/uploads\/2021\/10\/Hoehle1-400x292.jpg 400w, https:\/\/amtsfeld-grundschule.de\/wp-content\/uploads\/2021\/10\/Hoehle1-600x438.jpg 600w, https:\/\/amtsfeld-grundschule.de\/wp-content\/uploads\/2021\/10\/Hoehle1-768x561.jpg 768w, https:\/\/amtsfeld-grundschule.de\/wp-content\/uploads\/2021\/10\/Hoehle1.jpg 800w\" sizes=\"(max-width: 400px) 100vw, 400px\" \/><\/p>\n<p>\u00a0<\/p>\n<p><img decoding=\"async\" class=\"aligncenter wp-image-2252 size-fusion-400\" src=\"https:\/\/amtsfeld-grundschule.de\/wp-content\/uploads\/2021\/10\/Hoehle2-400x274.jpg\" alt=\"\" width=\"400\" height=\"274\" srcset=\"https:\/\/amtsfeld-grundschule.de\/wp-content\/uploads\/2021\/10\/Hoehle2-200x137.jpg 200w, https:\/\/amtsfeld-grundschule.de\/wp-content\/uploads\/2021\/10\/Hoehle2-300x206.jpg 300w, https:\/\/amtsfeld-grundschule.de\/wp-content\/uploads\/2021\/10\/Hoehle2-400x274.jpg 400w, https:\/\/amtsfeld-grundschule.de\/wp-content\/uploads\/2021\/10\/Hoehle2-600x411.jpg 600w, https:\/\/amtsfeld-grundschule.de\/wp-content\/uploads\/2021\/10\/Hoehle2-768x526.jpg 768w, https:\/\/amtsfeld-grundschule.de\/wp-content\/uploads\/2021\/10\/Hoehle2.jpg 800w\" sizes=\"(max-width: 400px) 100vw, 400px\" \/><\/p>\n<p><img decoding=\"async\" class=\"aligncenter wp-image-2253 size-fusion-400\" src=\"https:\/\/amtsfeld-grundschule.de\/wp-content\/uploads\/2021\/10\/Hoehle3-400x286.jpg\" alt=\"\" width=\"400\" height=\"286\" srcset=\"https:\/\/amtsfeld-grundschule.de\/wp-content\/uploads\/2021\/10\/Hoehle3-200x143.jpg 200w, https:\/\/amtsfeld-grundschule.de\/wp-content\/uploads\/2021\/10\/Hoehle3-300x214.jpg 300w, https:\/\/amtsfeld-grundschule.de\/wp-content\/uploads\/2021\/10\/Hoehle3-400x286.jpg 400w, https:\/\/amtsfeld-grundschule.de\/wp-content\/uploads\/2021\/10\/Hoehle3-600x428.jpg 600w, https:\/\/amtsfeld-grundschule.de\/wp-content\/uploads\/2021\/10\/Hoehle3-768x548.jpg 768w, https:\/\/amtsfeld-grundschule.de\/wp-content\/uploads\/2021\/10\/Hoehle3.jpg 800w\" sizes=\"(max-width: 400px) 100vw, 400px\" \/><\/p>\n<p><img decoding=\"async\" class=\"aligncenter wp-image-2254 size-fusion-400\" src=\"https:\/\/amtsfeld-grundschule.de\/wp-content\/uploads\/2021\/10\/Hoehle5-400x290.jpg\" alt=\"\" width=\"400\" height=\"290\" srcset=\"https:\/\/amtsfeld-grundschule.de\/wp-content\/uploads\/2021\/10\/Hoehle5-200x145.jpg 200w, https:\/\/amtsfeld-grundschule.de\/wp-content\/uploads\/2021\/10\/Hoehle5-300x218.jpg 300w, https:\/\/amtsfeld-grundschule.de\/wp-content\/uploads\/2021\/10\/Hoehle5-400x290.jpg 400w, https:\/\/amtsfeld-grundschule.de\/wp-content\/uploads\/2021\/10\/Hoehle5-600x435.jpg 600w, https:\/\/amtsfeld-grundschule.de\/wp-content\/uploads\/2021\/10\/Hoehle5-768x557.jpg 768w, https:\/\/amtsfeld-grundschule.de\/wp-content\/uploads\/2021\/10\/Hoehle5.jpg 800w\" sizes=\"(max-width: 400px) 100vw, 400px\" \/><\/p>\n<\/div><div class=\"fusion-text fusion-text-4\"><\/div><\/div><\/div><\/div><\/div><\/p>\n","protected":false},"excerpt":{"rendered":"","protected":false},"author":1,"featured_media":0,"parent":0,"menu_order":0,"comment_status":"closed","ping_status":"closed","template":"","meta":{"footnotes":""},"class_list":["post-1596","page","type-page","status-publish","hentry"],"_links":{"self":[{"href":"https:\/\/amtsfeld-grundschule.de\/index.php?rest_route=\/wp\/v2\/pages\/1596","targetHints":{"allow":["GET"]}}],"collection":[{"href":"https:\/\/amtsfeld-grundschule.de\/index.php?rest_route=\/wp\/v2\/pages"}],"about":[{"href":"https:\/\/amtsfeld-grundschule.de\/index.php?rest_route=\/wp\/v2\/types\/page"}],"author":[{"embeddable":true,"href":"https:\/\/amtsfeld-grundschule.de\/index.php?rest_route=\/wp\/v2\/users\/1"}],"replies":[{"embeddable":true,"href":"https:\/\/amtsfeld-grundschule.de\/index.php?rest_route=%2Fwp%2Fv2%2Fcomments&post=1596"}],"version-history":[{"count":5,"href":"https:\/\/amtsfeld-grundschule.de\/index.php?rest_route=\/wp\/v2\/pages\/1596\/revisions"}],"predecessor-version":[{"id":2274,"href":"https:\/\/amtsfeld-grundschule.de\/index.php?rest_route=\/wp\/v2\/pages\/1596\/revisions\/2274"}],"wp:attachment":[{"href":"https:\/\/amtsfeld-grundschule.de\/index.php?rest_route=%2Fwp%2Fv2%2Fmedia&parent=1596"}],"curies":[{"name":"wp","href":"https:\/\/api.w.org\/{rel}","templated":true}]}}

<p><div class="fusion-fullwidth fullwidth-box fusion-builder-row-1 fusion-flex-container fusion-parallax-none nonhundred-percent-fullwidth non-hundred-percent-height-scrolling fusion-no-small-visibility" style="--awb-border-radius-top-left:0px;--awb-border-radius-top-right:0px;--awb-border-radius-bottom-right:0px;--awb-border-radius-bottom-left:0px;--awb-padding-top:33px;--awb-background-image:url(&quot;https://amtsfeld-grundschule.de/wp-content/uploads/2021/01/cropped-amtsfeld_grundschule_02-1.jpg&quot;);--awb-background-size:cover;--awb-flex-wrap:wrap;" ><div class="fusion-builder-row fusion-row fusion-flex-align-items-flex-start fusion-flex-content-wrap" style="max-width:1404px;margin-left: calc(-4% / 2 );margin-right: calc(-4% / 2 );"><div class="fusion-layout-column fusion_builder_column fusion-builder-column-0 fusion_builder_column_1_1 1_1 fusion-flex-column" style="--awb-bg-size:cover;--awb-width-large:100%;--awb-margin-top-large:0px;--awb-spacing-right-large:1.92%;--awb-margin-bottom-large:50px;--awb-spacing-left-large:1.92%;--awb-width-medium:100%;--awb-order-medium:0;--awb-spacing-right-medium:1.92%;--awb-spacing-left-medium:1.92%;--awb-width-small:100%;--awb-order-small:0;--awb-spacing-right-small:1.92%;--awb-spacing-left-small:1.92%;"><div class="fusion-column-wrapper fusion-column-has-shadow fusion-flex-justify-content-flex-start fusion-content-layout-column"><div class="fusion-image-element " style="--awb-margin-left:33px;--awb-caption-title-font-family:var(--h2_typography-font-family);--awb-caption-title-font-weight:var(--h2_typography-font-weight);--awb-caption-title-font-style:var(--h2_typography-font-style);--awb-caption-title-size:var(--h2_typography-font-size);--awb-caption-title-transform:var(--h2_typography-text-transform);--awb-caption-title-line-height:var(--h2_typography-line-height);--awb-caption-title-letter-spacing:var(--h2_typography-letter-spacing);"><span class=" fusion-imageframe imageframe-none imageframe-1 hover-type-none"><img decoding="async" width="300" height="194" title="Blank Chalk Board" src="https://amtsfeld-grundschule.de/wp-content/uploads/2021/06/Titel_Tafel_Gesellschaftswissenschaft-300x194.jpg" alt class="img-responsive wp-image-1568" srcset="https://amtsfeld-grundschule.de/wp-content/uploads/2021/06/Titel_Tafel_Gesellschaftswissenschaft-200x129.jpg 200w, https://amtsfeld-grundschule.de/wp-content/uploads/2021/06/Titel_Tafel_Gesellschaftswissenschaft-400x258.jpg 400w, https://amtsfeld-grundschule.de/wp-content/uploads/2021/06/Titel_Tafel_Gesellschaftswissenschaft-600x387.jpg 600w, https://amtsfeld-grundschule.de/wp-content/uploads/2021/06/Titel_Tafel_Gesellschaftswissenschaft-800x516.jpg 800w, https://amtsfeld-grundschule.de/wp-content/uploads/2021/06/Titel_Tafel_Gesellschaftswissenschaft-1200x774.jpg 1200w" sizes="(max-width: 1024px) 100vw, (max-width: 640px) 100vw, 1200px" /></span></div></div></div></div></div><div class="fusion-fullwidth fullwidth-box fusion-builder-row-2 fusion-flex-container nonhundred-percent-fullwidth non-hundred-percent-height-scrolling" style="--awb-border-radius-top-left:0px;--awb-border-radius-top-right:0px;--awb-border-radius-bottom-right:0px;--awb-border-radius-bottom-left:0px;--awb-flex-wrap:wrap;" ><div class="fusion-builder-row fusion-row fusion-flex-align-items-flex-start fusion-flex-content-wrap" style="max-width:1404px;margin-left: calc(-4% / 2 );margin-right: calc(-4% / 2 );"><div class="fusion-layout-column fusion_builder_column fusion-builder-column-1 fusion_builder_column_1_1 1_1 fusion-flex-column" style="--awb-padding-top:12px;--awb-padding-right:12px;--awb-padding-bottom:12px;--awb-padding-left:12px;--awb-overflow:hidden;--awb-bg-color:rgba(233,233,233,0.96);--awb-bg-color-hover:rgba(233,233,233,0.96);--awb-bg-size:cover;--awb-border-color:rgba(146,37,16,0.75);--awb-border-top:12px;--awb-border-right:12px;--awb-border-bottom:12px;--awb-border-left:12px;--awb-border-style:solid;--awb-border-radius:12px 12px 12px 12px;--awb-width-large:100%;--awb-margin-top-large:33px;--awb-spacing-right-large:1.92%;--awb-margin-bottom-large:50px;--awb-spacing-left-large:1.92%;--awb-width-medium:100%;--awb-order-medium:0;--awb-spacing-right-medium:1.92%;--awb-spacing-left-medium:1.92%;--awb-width-small:100%;--awb-order-small:0;--awb-spacing-right-small:1.92%;--awb-spacing-left-small:1.92%;"><div class="fusion-column-wrapper fusion-column-has-shadow fusion-flex-justify-content-flex-start fusion-content-layout-column"><div class="fusion-text fusion-text-1"><p><strong><u>Das Fach Gesellschaftswissenschaften</u></strong></p>
<p>Das Fach, kurz Gewi  genannt,  findet sich neu im Stundenplan der 5. Klassen. Es setzt sich zusammen aus den drei Teilbereichen  Geographie, Geschichte und Politik. Dabei werden die Fächer aber nicht einzeln betrachtet, sondern es wird immer ein großes Ganzes aus diesen unterschiedlichen Perspektiven beleuchtet. Das kann man sich so vorstellen: Ein großes Oberthema wird gewählt, zum Beispiel  „Ernährung“. Hierbei handelt es sich übrigens auch um das Einstiegsthema in Klasse 5. Nun schaut man durch drei verschiedene Brillengläser. Das erste Brillenglas spiegelt den geschichtlichen Teil wider. Wie haben sich die Menschen in der Steinzeit ernährt? Was brachte eine Veränderung am Übergang von Altsteinzeit zu Neusteinzeit? Als nächstes sehen wir mit dem geographischen Brillenglas. Uns interessiert, wie wir uns in Deutschland ernähren und welche Rolle dabei die Landwirtschaft spielt. Haben die verschieden Nutzungen der Landschaften Auswirkungen auf die Produkte? Hier greift auch gleich das politische Brillenglas, denn wir schauen uns an, wie Lebensmittelskandale entstehen und wie Verbraucher am Ende geschützt werden.</p>
<p>Das Fach Gewi ist sehr vielschichtig und bietet auch immer Platz für aktuelle Geschehen, die die Kinder interessieren und betreffen. Hier kann an die Lebenswirklichkeit der Kinder angeknüpft werden und Schwerpunkte können auch mal verschoben werden.</p>
<p>Freut euch auf ein spannendes und vielseitiges Unterrichtsfach! Wir Lehrer freuen uns auf interessierte und neugierige Kinder mit  vielen Fragen.</p>
</div><div class="fusion-text fusion-text-2"></div></div></div><div class="fusion-layout-column fusion_builder_column fusion-builder-column-2 fusion_builder_column_1_1 1_1 fusion-flex-column" style="--awb-padding-top:12px;--awb-padding-right:12px;--awb-padding-bottom:12px;--awb-padding-left:12px;--awb-overflow:hidden;--awb-bg-color:rgba(233,233,233,0.96);--awb-bg-color-hover:rgba(233,233,233,0.96);--awb-bg-size:cover;--awb-border-color:rgba(146,37,16,0.75);--awb-border-top:12px;--awb-border-right:12px;--awb-border-bottom:12px;--awb-border-left:12px;--awb-border-style:solid;--awb-border-radius:12px 12px 12px 12px;--awb-width-large:100%;--awb-margin-top-large:33px;--awb-spacing-right-large:1.92%;--awb-margin-bottom-large:50px;--awb-spacing-left-large:1.92%;--awb-width-medium:100%;--awb-order-medium:0;--awb-spacing-right-medium:1.92%;--awb-spacing-left-medium:1.92%;--awb-width-small:100%;--awb-order-small:0;--awb-spacing-right-small:1.92%;--awb-spacing-left-small:1.92%;"><div class="fusion-column-wrapper fusion-column-has-shadow fusion-flex-justify-content-flex-start fusion-content-layout-column"><div class="fusion-text fusion-text-3"><h2>Projekt Höhlenmalerei</h2>
<p>Im Rahmen unseres Themas &#8222;Altsteinzeit&#8220; haben sich die SchülerInnen der Klasse 5b noch einmal intensiv mit den Höhlenmalereien beschäftigt. Wie echte Steinzeitmenschen fertigten sie ihre Farbe selbst aus Erde her, um anschließend selbst eine Höhlenmalerei zu gestalten.</p>
<p><img decoding="async" class="aligncenter wp-image-2251 size-fusion-400" src="https://amtsfeld-grundschule.de/wp-content/uploads/2021/10/Hoehle1-400x292.jpg" alt="" width="400" height="292" srcset="https://amtsfeld-grundschule.de/wp-content/uploads/2021/10/Hoehle1-200x146.jpg 200w, https://amtsfeld-grundschule.de/wp-content/uploads/2021/10/Hoehle1-300x219.jpg 300w, https://amtsfeld-grundschule.de/wp-content/uploads/2021/10/Hoehle1-400x292.jpg 400w, https://amtsfeld-grundschule.de/wp-content/uploads/2021/10/Hoehle1-600x438.jpg 600w, https://amtsfeld-grundschule.de/wp-content/uploads/2021/10/Hoehle1-768x561.jpg 768w, https://amtsfeld-grundschule.de/wp-content/uploads/2021/10/Hoehle1.jpg 800w" sizes="(max-width: 400px) 100vw, 400px" /></p>
<p> </p>
<p><img decoding="async" class="aligncenter wp-image-2252 size-fusion-400" src="https://amtsfeld-grundschule.de/wp-content/uploads/2021/10/Hoehle2-400x274.jpg" alt="" width="400" height="274" srcset="https://amtsfeld-grundschule.de/wp-content/uploads/2021/10/Hoehle2-200x137.jpg 200w, https://amtsfeld-grundschule.de/wp-content/uploads/2021/10/Hoehle2-300x206.jpg 300w, https://amtsfeld-grundschule.de/wp-content/uploads/2021/10/Hoehle2-400x274.jpg 400w, https://amtsfeld-grundschule.de/wp-content/uploads/2021/10/Hoehle2-600x411.jpg 600w, https://amtsfeld-grundschule.de/wp-content/uploads/2021/10/Hoehle2-768x526.jpg 768w, https://amtsfeld-grundschule.de/wp-content/uploads/2021/10/Hoehle2.jpg 800w" sizes="(max-width: 400px) 100vw, 400px" /></p>
<p><img decoding="async" class="aligncenter wp-image-2253 size-fusion-400" src="https://amtsfeld-grundschule.de/wp-content/uploads/2021/10/Hoehle3-400x286.jpg" alt="" width="400" height="286" srcset="https://amtsfeld-grundschule.de/wp-content/uploads/2021/10/Hoehle3-200x143.jpg 200w, https://amtsfeld-grundschule.de/wp-content/uploads/2021/10/Hoehle3-300x214.jpg 300w, https://amtsfeld-grundschule.de/wp-content/uploads/2021/10/Hoehle3-400x286.jpg 400w, https://amtsfeld-grundschule.de/wp-content/uploads/2021/10/Hoehle3-600x428.jpg 600w, https://amtsfeld-grundschule.de/wp-content/uploads/2021/10/Hoehle3-768x548.jpg 768w, https://amtsfeld-grundschule.de/wp-content/uploads/2021/10/Hoehle3.jpg 800w" sizes="(max-width: 400px) 100vw, 400px" /></p>
<p><img decoding="async" class="aligncenter wp-image-2254 size-fusion-400" src="https://amtsfeld-grundschule.de/wp-content/uploads/2021/10/Hoehle5-400x290.jpg" alt="" width="400" height="290" srcset="https://amtsfeld-grundschule.de/wp-content/uploads/2021/10/Hoehle5-200x145.jpg 200w, https://amtsfeld-grundschule.de/wp-content/uploads/2021/10/Hoehle5-300x218.jpg 300w, https://amtsfeld-grundschule.de/wp-content/uploads/2021/10/Hoehle5-400x290.jpg 400w, https://amtsfeld-grundschule.de/wp-content/uploads/2021/10/Hoehle5-600x435.jpg 600w, https://amtsfeld-grundschule.de/wp-content/uploads/2021/10/Hoehle5-768x557.jpg 768w, https://amtsfeld-grundschule.de/wp-content/uploads/2021/10/Hoehle5.jpg 800w" sizes="(max-width: 400px) 100vw, 400px" /></p>
</div><div class="fusion-text fusion-text-4"></div></div></div></div></div></p>
