{"id":2741,"date":"2022-03-08T14:44:45","date_gmt":"2022-03-08T13:44:45","guid":{"rendered":"https:\/\/amtsfeld-schule.de\/?page_id=2741"},"modified":"2022-03-09T20:47:40","modified_gmt":"2022-03-09T19:47:40","slug":"schreibwerkstatt-4a","status":"publish","type":"page","link":"https:\/\/amtsfeld-grundschule.de\/?page_id=2741","title":{"rendered":"Schreibwerkstatt 4a"},"content":{"rendered":"<div class=\"fusion-fullwidth fullwidth-box fusion-builder-row-1 fusion-flex-container nonhundred-percent-fullwidth non-hundred-percent-height-scrolling\" style=\"--awb-border-radius-top-left:0px;--awb-border-radius-top-right:0px;--awb-border-radius-bottom-right:0px;--awb-border-radius-bottom-left:0px;--awb-flex-wrap:wrap;\" ><div class=\"fusion-builder-row fusion-row fusion-flex-align-items-flex-start fusion-flex-content-wrap\" style=\"max-width:1404px;margin-left: calc(-4% \/ 2 );margin-right: calc(-4% \/ 2 );\"><div class=\"fusion-layout-column fusion_builder_column fusion-builder-column-0 fusion_builder_column_1_1 1_1 fusion-flex-column\" style=\"--awb-padding-top:12px;--awb-padding-right:12px;--awb-padding-bottom:12px;--awb-padding-left:12px;--awb-overflow:hidden;--awb-bg-size:cover;--awb-border-color:rgba(146,37,16,0.75);--awb-border-top:12px;--awb-border-right:12px;--awb-border-bottom:12px;--awb-border-left:12px;--awb-border-style:solid;--awb-border-radius:12px 12px 12px 12px;--awb-width-large:100%;--awb-margin-top-large:0px;--awb-spacing-right-large:1.92%;--awb-margin-bottom-large:50px;--awb-spacing-left-large:1.92%;--awb-width-medium:100%;--awb-order-medium:0;--awb-spacing-right-medium:1.92%;--awb-spacing-left-medium:1.92%;--awb-width-small:100%;--awb-order-small:0;--awb-spacing-right-small:1.92%;--awb-spacing-left-small:1.92%;\"><div class=\"fusion-column-wrapper fusion-column-has-shadow fusion-flex-justify-content-flex-start fusion-content-layout-column\"><div class=\"fusion-text fusion-text-1\"><h2>Eindr\u00fccke von der Schreibwerkstatt &#8211; Superkraft Schreiben<\/h2>\n<p>In der Zeit vom 30.9.2021 bis zum 9.12.2021 fand in der Mittelpunktbibliothek unsere Schreibwerkstatt statt.<\/p>\n<p>Hier haben wir mit den Schriftstellern Cally Stronk (\u201eUnheimlich peinlich&#8220;) und Christian Friedrich (\u201eDie Drei ???&#8220;) tolle B\u00fccher geschrieben.<\/p>\n<p>Die Schriftsteller haben uns beim sammeln der Ideen und beim entwerfen der Texte sehr geholfen. Vielen Dank daf\u00fcr.<\/p>\n<p>Ein weiteres gro\u00dfes Dankesch\u00f6n geht an Daniela Becker, die uns jede Woche mit kleinen Snacks \u00fcberrascht hat.<\/p>\n<p>Ines Radtke und einige Kinder der Klasse 4a<\/p>\n<\/div><\/div><\/div><div class=\"fusion-layout-column fusion_builder_column fusion-builder-column-1 fusion_builder_column_1_1 1_1 fusion-flex-column\" style=\"--awb-padding-top:12px;--awb-padding-right:12px;--awb-padding-bottom:12px;--awb-padding-left:12px;--awb-overflow:hidden;--awb-bg-size:cover;--awb-border-color:rgba(146,37,16,0.75);--awb-border-top:12px;--awb-border-right:12px;--awb-border-bottom:12px;--awb-border-left:12px;--awb-border-style:solid;--awb-border-radius:12px 12px 12px 12px;--awb-width-large:100%;--awb-margin-top-large:0px;--awb-spacing-right-large:1.92%;--awb-margin-bottom-large:50px;--awb-spacing-left-large:1.92%;--awb-width-medium:100%;--awb-order-medium:0;--awb-spacing-right-medium:1.92%;--awb-spacing-left-medium:1.92%;--awb-width-small:100%;--awb-order-small:0;--awb-spacing-right-small:1.92%;--awb-spacing-left-small:1.92%;\"><div class=\"fusion-column-wrapper fusion-column-has-shadow fusion-flex-justify-content-flex-start fusion-content-layout-column\"><div class=\"fusion-text fusion-text-2\"><\/div><div class=\"fusion-image-carousel fusion-image-carousel-auto fusion-image-carousel-1 fusion-carousel-border\"><div class=\"awb-carousel awb-swiper awb-swiper-carousel awb-carousel--carousel awb-swiper-dots-position-bottom\" data-layout=\"carousel\" data-autoplay=\"yes\" data-autoplayspeed=\"2500\" data-autoplaypause=\"no\" data-columns=\"1\" data-columnsmedium=\"1\" data-columnssmall=\"1\" data-itemmargin=\"14\" data-itemwidth=\"180\" data-touchscroll=\"no\" data-freemode=\"no\" data-imagesize=\"auto\" data-scrollitems=\"1\" data-centeredslides=\"no\" data-rotationangle=\"50\" data-depth=\"100\" data-speed=\"500\" data-shadow=\"no\" data-pagination=\"bullets\" style=\"--awb-columns:1;--awb-column-spacing:14px;--awb-border-width:1px;--awb-border-color:#e9eaee;\"><div class=\"swiper-wrapper awb-image-carousel-wrapper fusion-flex-align-items-center\"><div class=\"swiper-slide\"><div class=\"fusion-carousel-item-wrapper\"><div class=\"fusion-image-wrapper hover-type-none\"><img decoding=\"async\" width=\"600\" height=\"450\" src=\"https:\/\/amtsfeld-grundschule.de\/wp-content\/uploads\/2022\/03\/DSCN0659.jpg\" class=\"attachment-full size-full\" alt=\"\" srcset=\"https:\/\/amtsfeld-grundschule.de\/wp-content\/uploads\/2022\/03\/DSCN0659-200x150.jpg 200w, https:\/\/amtsfeld-grundschule.de\/wp-content\/uploads\/2022\/03\/DSCN0659-300x225.jpg 300w, https:\/\/amtsfeld-grundschule.de\/wp-content\/uploads\/2022\/03\/DSCN0659-400x300.jpg 400w, https:\/\/amtsfeld-grundschule.de\/wp-content\/uploads\/2022\/03\/DSCN0659.jpg 600w\" sizes=\"(max-width: 600px) 100vw, 600px\" \/><\/div><\/div><\/div><div class=\"swiper-slide\"><div class=\"fusion-carousel-item-wrapper\"><div class=\"fusion-image-wrapper hover-type-none\"><img decoding=\"async\" width=\"600\" height=\"450\" src=\"https:\/\/amtsfeld-grundschule.de\/wp-content\/uploads\/2022\/03\/DSCN0660.jpg\" class=\"attachment-full size-full\" alt=\"\" srcset=\"https:\/\/amtsfeld-grundschule.de\/wp-content\/uploads\/2022\/03\/DSCN0660-200x150.jpg 200w, https:\/\/amtsfeld-grundschule.de\/wp-content\/uploads\/2022\/03\/DSCN0660-300x225.jpg 300w, https:\/\/amtsfeld-grundschule.de\/wp-content\/uploads\/2022\/03\/DSCN0660-400x300.jpg 400w, https:\/\/amtsfeld-grundschule.de\/wp-content\/uploads\/2022\/03\/DSCN0660.jpg 600w\" sizes=\"(max-width: 600px) 100vw, 600px\" \/><\/div><\/div><\/div><div class=\"swiper-slide\"><div class=\"fusion-carousel-item-wrapper\"><div class=\"fusion-image-wrapper hover-type-none\"><img decoding=\"async\" width=\"600\" height=\"450\" src=\"https:\/\/amtsfeld-grundschule.de\/wp-content\/uploads\/2022\/03\/DSCN0686.jpg\" class=\"attachment-full size-full\" alt=\"\" srcset=\"https:\/\/amtsfeld-grundschule.de\/wp-content\/uploads\/2022\/03\/DSCN0686-200x150.jpg 200w, https:\/\/amtsfeld-grundschule.de\/wp-content\/uploads\/2022\/03\/DSCN0686-300x225.jpg 300w, https:\/\/amtsfeld-grundschule.de\/wp-content\/uploads\/2022\/03\/DSCN0686-400x300.jpg 400w, https:\/\/amtsfeld-grundschule.de\/wp-content\/uploads\/2022\/03\/DSCN0686.jpg 600w\" sizes=\"(max-width: 600px) 100vw, 600px\" \/><\/div><\/div><\/div><div class=\"swiper-slide\"><div class=\"fusion-carousel-item-wrapper\"><div class=\"fusion-image-wrapper hover-type-none\"><img decoding=\"async\" width=\"600\" height=\"450\" src=\"https:\/\/amtsfeld-grundschule.de\/wp-content\/uploads\/2022\/03\/DSCN0687-2.jpg\" class=\"attachment-full size-full\" alt=\"\" srcset=\"https:\/\/amtsfeld-grundschule.de\/wp-content\/uploads\/2022\/03\/DSCN0687-2-200x150.jpg 200w, https:\/\/amtsfeld-grundschule.de\/wp-content\/uploads\/2022\/03\/DSCN0687-2-300x225.jpg 300w, https:\/\/amtsfeld-grundschule.de\/wp-content\/uploads\/2022\/03\/DSCN0687-2-400x300.jpg 400w, https:\/\/amtsfeld-grundschule.de\/wp-content\/uploads\/2022\/03\/DSCN0687-2.jpg 600w\" sizes=\"(max-width: 600px) 100vw, 600px\" \/><\/div><\/div><\/div><div class=\"swiper-slide\"><div class=\"fusion-carousel-item-wrapper\"><div class=\"fusion-image-wrapper hover-type-none\"><img decoding=\"async\" width=\"600\" height=\"450\" src=\"https:\/\/amtsfeld-grundschule.de\/wp-content\/uploads\/2022\/03\/DSCN0689.jpg\" class=\"attachment-full size-full\" alt=\"\" srcset=\"https:\/\/amtsfeld-grundschule.de\/wp-content\/uploads\/2022\/03\/DSCN0689-200x150.jpg 200w, https:\/\/amtsfeld-grundschule.de\/wp-content\/uploads\/2022\/03\/DSCN0689-300x225.jpg 300w, https:\/\/amtsfeld-grundschule.de\/wp-content\/uploads\/2022\/03\/DSCN0689-400x300.jpg 400w, https:\/\/amtsfeld-grundschule.de\/wp-content\/uploads\/2022\/03\/DSCN0689.jpg 600w\" sizes=\"(max-width: 600px) 100vw, 600px\" \/><\/div><\/div><\/div><div class=\"swiper-slide\"><div class=\"fusion-carousel-item-wrapper\"><div class=\"fusion-image-wrapper hover-type-none\"><img decoding=\"async\" width=\"600\" height=\"450\" src=\"https:\/\/amtsfeld-grundschule.de\/wp-content\/uploads\/2022\/03\/DSCN0698.jpg\" class=\"attachment-full size-full\" alt=\"\" srcset=\"https:\/\/amtsfeld-grundschule.de\/wp-content\/uploads\/2022\/03\/DSCN0698-200x150.jpg 200w, https:\/\/amtsfeld-grundschule.de\/wp-content\/uploads\/2022\/03\/DSCN0698-300x225.jpg 300w, https:\/\/amtsfeld-grundschule.de\/wp-content\/uploads\/2022\/03\/DSCN0698-400x300.jpg 400w, https:\/\/amtsfeld-grundschule.de\/wp-content\/uploads\/2022\/03\/DSCN0698.jpg 600w\" sizes=\"(max-width: 600px) 100vw, 600px\" \/><\/div><\/div><\/div><div class=\"swiper-slide\"><div class=\"fusion-carousel-item-wrapper\"><div class=\"fusion-image-wrapper hover-type-none\"><img decoding=\"async\" width=\"600\" height=\"450\" src=\"https:\/\/amtsfeld-grundschule.de\/wp-content\/uploads\/2022\/03\/DSCN0700.jpg\" class=\"attachment-full size-full\" alt=\"\" srcset=\"https:\/\/amtsfeld-grundschule.de\/wp-content\/uploads\/2022\/03\/DSCN0700-200x150.jpg 200w, https:\/\/amtsfeld-grundschule.de\/wp-content\/uploads\/2022\/03\/DSCN0700-300x225.jpg 300w, https:\/\/amtsfeld-grundschule.de\/wp-content\/uploads\/2022\/03\/DSCN0700-400x300.jpg 400w, https:\/\/amtsfeld-grundschule.de\/wp-content\/uploads\/2022\/03\/DSCN0700.jpg 600w\" sizes=\"(max-width: 600px) 100vw, 600px\" \/><\/div><\/div><\/div><div class=\"swiper-slide\"><div class=\"fusion-carousel-item-wrapper\"><div class=\"fusion-image-wrapper hover-type-none\"><img decoding=\"async\" width=\"600\" height=\"450\" src=\"https:\/\/amtsfeld-grundschule.de\/wp-content\/uploads\/2022\/03\/DSCN0847.jpg\" class=\"attachment-full size-full\" alt=\"\" srcset=\"https:\/\/amtsfeld-grundschule.de\/wp-content\/uploads\/2022\/03\/DSCN0847-200x150.jpg 200w, https:\/\/amtsfeld-grundschule.de\/wp-content\/uploads\/2022\/03\/DSCN0847-300x225.jpg 300w, https:\/\/amtsfeld-grundschule.de\/wp-content\/uploads\/2022\/03\/DSCN0847-400x300.jpg 400w, https:\/\/amtsfeld-grundschule.de\/wp-content\/uploads\/2022\/03\/DSCN0847.jpg 600w\" sizes=\"(max-width: 600px) 100vw, 600px\" \/><\/div><\/div><\/div><div class=\"swiper-slide\"><div class=\"fusion-carousel-item-wrapper\"><div class=\"fusion-image-wrapper hover-type-none\"><img decoding=\"async\" width=\"600\" height=\"450\" src=\"https:\/\/amtsfeld-grundschule.de\/wp-content\/uploads\/2022\/03\/DSCN0863.jpg\" class=\"attachment-full size-full\" alt=\"\" srcset=\"https:\/\/amtsfeld-grundschule.de\/wp-content\/uploads\/2022\/03\/DSCN0863-200x150.jpg 200w, https:\/\/amtsfeld-grundschule.de\/wp-content\/uploads\/2022\/03\/DSCN0863-300x225.jpg 300w, https:\/\/amtsfeld-grundschule.de\/wp-content\/uploads\/2022\/03\/DSCN0863-400x300.jpg 400w, https:\/\/amtsfeld-grundschule.de\/wp-content\/uploads\/2022\/03\/DSCN0863.jpg 600w\" sizes=\"(max-width: 600px) 100vw, 600px\" \/><\/div><\/div><\/div><div class=\"swiper-slide\"><div class=\"fusion-carousel-item-wrapper\"><div class=\"fusion-image-wrapper hover-type-none\"><img decoding=\"async\" width=\"600\" height=\"450\" src=\"https:\/\/amtsfeld-grundschule.de\/wp-content\/uploads\/2022\/03\/DSCN0867.jpg\" class=\"attachment-full size-full\" alt=\"\" srcset=\"https:\/\/amtsfeld-grundschule.de\/wp-content\/uploads\/2022\/03\/DSCN0867-200x150.jpg 200w, https:\/\/amtsfeld-grundschule.de\/wp-content\/uploads\/2022\/03\/DSCN0867-300x225.jpg 300w, https:\/\/amtsfeld-grundschule.de\/wp-content\/uploads\/2022\/03\/DSCN0867-400x300.jpg 400w, https:\/\/amtsfeld-grundschule.de\/wp-content\/uploads\/2022\/03\/DSCN0867.jpg 600w\" sizes=\"(max-width: 600px) 100vw, 600px\" \/><\/div><\/div><\/div><div class=\"swiper-slide\"><div class=\"fusion-carousel-item-wrapper\"><div class=\"fusion-image-wrapper hover-type-none\"><img decoding=\"async\" width=\"600\" height=\"450\" src=\"https:\/\/amtsfeld-grundschule.de\/wp-content\/uploads\/2022\/03\/854b54ad-a173-46b7-a916-7b873247818d.jpg\" class=\"attachment-full size-full\" alt=\"\" srcset=\"https:\/\/amtsfeld-grundschule.de\/wp-content\/uploads\/2022\/03\/854b54ad-a173-46b7-a916-7b873247818d-200x150.jpg 200w, https:\/\/amtsfeld-grundschule.de\/wp-content\/uploads\/2022\/03\/854b54ad-a173-46b7-a916-7b873247818d-300x225.jpg 300w, https:\/\/amtsfeld-grundschule.de\/wp-content\/uploads\/2022\/03\/854b54ad-a173-46b7-a916-7b873247818d-400x300.jpg 400w, https:\/\/amtsfeld-grundschule.de\/wp-content\/uploads\/2022\/03\/854b54ad-a173-46b7-a916-7b873247818d.jpg 600w\" sizes=\"(max-width: 600px) 100vw, 600px\" \/><\/div><\/div><\/div><div class=\"swiper-slide\"><div class=\"fusion-carousel-item-wrapper\"><div class=\"fusion-image-wrapper hover-type-none\"><img decoding=\"async\" width=\"600\" height=\"450\" src=\"https:\/\/amtsfeld-grundschule.de\/wp-content\/uploads\/2022\/03\/f07ef101-a49e-4a9d-91f0-5f47e980bcba.jpg\" class=\"attachment-full size-full\" alt=\"\" srcset=\"https:\/\/amtsfeld-grundschule.de\/wp-content\/uploads\/2022\/03\/f07ef101-a49e-4a9d-91f0-5f47e980bcba-200x150.jpg 200w, https:\/\/amtsfeld-grundschule.de\/wp-content\/uploads\/2022\/03\/f07ef101-a49e-4a9d-91f0-5f47e980bcba-300x225.jpg 300w, https:\/\/amtsfeld-grundschule.de\/wp-content\/uploads\/2022\/03\/f07ef101-a49e-4a9d-91f0-5f47e980bcba-400x300.jpg 400w, https:\/\/amtsfeld-grundschule.de\/wp-content\/uploads\/2022\/03\/f07ef101-a49e-4a9d-91f0-5f47e980bcba.jpg 600w\" sizes=\"(max-width: 600px) 100vw, 600px\" \/><\/div><\/div><\/div><div class=\"swiper-slide\"><div class=\"fusion-carousel-item-wrapper\"><div class=\"fusion-image-wrapper hover-type-none\"><img decoding=\"async\" width=\"338\" height=\"451\" src=\"https:\/\/amtsfeld-grundschule.de\/wp-content\/uploads\/2022\/03\/IMG-4148.jpg\" class=\"attachment-full size-full\" alt=\"\" srcset=\"https:\/\/amtsfeld-grundschule.de\/wp-content\/uploads\/2022\/03\/IMG-4148-200x267.jpg 200w, https:\/\/amtsfeld-grundschule.de\/wp-content\/uploads\/2022\/03\/IMG-4148-225x300.jpg 225w, https:\/\/amtsfeld-grundschule.de\/wp-content\/uploads\/2022\/03\/IMG-4148.jpg 338w\" sizes=\"(max-width: 338px) 100vw, 338px\" \/><\/div><\/div><\/div><div class=\"swiper-slide\"><div class=\"fusion-carousel-item-wrapper\"><div class=\"fusion-image-wrapper hover-type-none\"><img decoding=\"async\" width=\"338\" height=\"450\" src=\"https:\/\/amtsfeld-grundschule.de\/wp-content\/uploads\/2022\/03\/IMG-4158.jpg\" class=\"attachment-full size-full\" alt=\"\" srcset=\"https:\/\/amtsfeld-grundschule.de\/wp-content\/uploads\/2022\/03\/IMG-4158-200x266.jpg 200w, https:\/\/amtsfeld-grundschule.de\/wp-content\/uploads\/2022\/03\/IMG-4158-225x300.jpg 225w, https:\/\/amtsfeld-grundschule.de\/wp-content\/uploads\/2022\/03\/IMG-4158.jpg 338w\" sizes=\"(max-width: 338px) 100vw, 338px\" \/><\/div><\/div><\/div><\/div><div class=\"awb-swiper-button awb-swiper-button-prev\"><i class=\"awb-icon-angle-left\" aria-hidden=\"true\"><\/i><\/div><div class=\"awb-swiper-button awb-swiper-button-next\"><i class=\"awb-icon-angle-right\" aria-hidden=\"true\"><\/i><\/div><\/div><\/div><\/div><\/div><\/div><\/div>\n","protected":false},"excerpt":{"rendered":"","protected":false},"author":5,"featured_media":0,"parent":0,"menu_order":0,"comment_status":"closed","ping_status":"closed","template":"","meta":{"footnotes":""},"class_list":["post-2741","page","type-page","status-publish","hentry"],"_links":{"self":[{"href":"https:\/\/amtsfeld-grundschule.de\/index.php?rest_route=\/wp\/v2\/pages\/2741","targetHints":{"allow":["GET"]}}],"collection":[{"href":"https:\/\/amtsfeld-grundschule.de\/index.php?rest_route=\/wp\/v2\/pages"}],"about":[{"href":"https:\/\/amtsfeld-grundschule.de\/index.php?rest_route=\/wp\/v2\/types\/page"}],"author":[{"embeddable":true,"href":"https:\/\/amtsfeld-grundschule.de\/index.php?rest_route=\/wp\/v2\/users\/5"}],"replies":[{"embeddable":true,"href":"https:\/\/amtsfeld-grundschule.de\/index.php?rest_route=%2Fwp%2Fv2%2Fcomments&post=2741"}],"version-history":[{"count":6,"href":"https:\/\/amtsfeld-grundschule.de\/index.php?rest_route=\/wp\/v2\/pages\/2741\/revisions"}],"predecessor-version":[{"id":2764,"href":"https:\/\/amtsfeld-grundschule.de\/index.php?rest_route=\/wp\/v2\/pages\/2741\/revisions\/2764"}],"wp:attachment":[{"href":"https:\/\/amtsfeld-grundschule.de\/index.php?rest_route=%2Fwp%2Fv2%2Fmedia&parent=2741"}],"curies":[{"name":"wp","href":"https:\/\/api.w.org\/{rel}","templated":true}]}}