{"id":4828,"date":"2026-02-13T08:36:47","date_gmt":"2026-02-13T07:36:47","guid":{"rendered":"https:\/\/amtsfeld-grundschule.de\/?page_id=4828"},"modified":"2026-02-21T18:17:21","modified_gmt":"2026-02-21T17:17:21","slug":"inklusion","status":"publish","type":"page","link":"https:\/\/amtsfeld-grundschule.de\/?page_id=4828","title":{"rendered":"Inklusion"},"content":{"rendered":"<div class=\"fusion-fullwidth fullwidth-box fusion-builder-row-1 fusion-flex-container nonhundred-percent-fullwidth non-hundred-percent-height-scrolling\" style=\"--awb-border-radius-top-left:0px;--awb-border-radius-top-right:0px;--awb-border-radius-bottom-right:0px;--awb-border-radius-bottom-left:0px;--awb-flex-wrap:wrap;\" ><div class=\"fusion-builder-row fusion-row fusion-flex-align-items-flex-start fusion-flex-content-wrap\" style=\"max-width:1404px;margin-left: calc(-4% \/ 2 );margin-right: calc(-4% \/ 2 );\"><div class=\"fusion-layout-column fusion_builder_column fusion-builder-column-0 fusion_builder_column_1_1 1_1 fusion-flex-column\" style=\"--awb-padding-top:12px;--awb-padding-right:12px;--awb-padding-bottom:12px;--awb-padding-left:12px;--awb-overflow:hidden;--awb-bg-color:rgba(233,233,233,0.96);--awb-bg-color-hover:rgba(233,233,233,0.96);--awb-bg-size:cover;--awb-border-color:rgba(146,37,16,0.75);--awb-border-top:12px;--awb-border-right:12px;--awb-border-bottom:12px;--awb-border-left:12px;--awb-border-style:solid;--awb-border-radius:12px 12px 12px 12px;--awb-width-large:100%;--awb-margin-top-large:33px;--awb-spacing-right-large:1.92%;--awb-margin-bottom-large:50px;--awb-spacing-left-large:1.92%;--awb-width-medium:100%;--awb-order-medium:0;--awb-spacing-right-medium:1.92%;--awb-spacing-left-medium:1.92%;--awb-width-small:100%;--awb-order-small:0;--awb-spacing-right-small:1.92%;--awb-spacing-left-small:1.92%;\"><div class=\"fusion-column-wrapper fusion-column-has-shadow fusion-flex-justify-content-flex-start fusion-content-layout-column\"><div class=\"fusion-text fusion-text-1\"><p>Fachbereich Inklusion an der Amtsfeld-Schule<\/p>\n<p>Der Fachbereich Inklusion umfasst die professionelle Arbeit in den Teilbereichen:<br \/>\n&#8211; Schulanfangsphase<br \/>\n&#8211; Willkommensklasse<br \/>\n&#8211; Tempor\u00e4re Lerngruppen (verschiedene Jahrg\u00e4nge)<br \/>\n&#8211; Tempor\u00e4re Lerngruppe Plus<br \/>\n&#8211; Integration in der eF\u00f6B<br \/>\n&#8211; Schulsozialarbeit<br \/>\n&#8211; Beratung und lernprozessbegleitenden Diagnostik<br \/>\n&#8211; Multiprofessionelle Vernetzung<br \/>\n&#8211; F\u00f6rderung von Lese-Rechtschreib-Schw\u00e4che<br \/>\n&#8211; Ausbildung von Studierenden und die Begleitung von Quereinsteigenden in der Sonderp\u00e4dagogik<br \/>\nWir f\u00f6rdern und fordern Kinder im inklusiven Schulumfeld entsprechend ihrer individuellen Voraussetzungen und Bedarfe w\u00e4hrend des gesamten Schultages.<br \/>\nWir st\u00e4rken und beraten Eltern, P\u00e4dagog:innen und Netzwerk-Partner:innen zu schulischen, sozialen und p\u00e4dagogischen Themen.<\/p>\n<\/div><\/div><\/div><\/div><\/div>\n","protected":false},"excerpt":{"rendered":"","protected":false},"author":5,"featured_media":0,"parent":0,"menu_order":0,"comment_status":"closed","ping_status":"closed","template":"","meta":{"footnotes":""},"class_list":["post-4828","page","type-page","status-publish","hentry"],"_links":{"self":[{"href":"https:\/\/amtsfeld-grundschule.de\/index.php?rest_route=\/wp\/v2\/pages\/4828","targetHints":{"allow":["GET"]}}],"collection":[{"href":"https:\/\/amtsfeld-grundschule.de\/index.php?rest_route=\/wp\/v2\/pages"}],"about":[{"href":"https:\/\/amtsfeld-grundschule.de\/index.php?rest_route=\/wp\/v2\/types\/page"}],"author":[{"embeddable":true,"href":"https:\/\/amtsfeld-grundschule.de\/index.php?rest_route=\/wp\/v2\/users\/5"}],"replies":[{"embeddable":true,"href":"https:\/\/amtsfeld-grundschule.de\/index.php?rest_route=%2Fwp%2Fv2%2Fcomments&post=4828"}],"version-history":[{"count":1,"href":"https:\/\/amtsfeld-grundschule.de\/index.php?rest_route=\/wp\/v2\/pages\/4828\/revisions"}],"predecessor-version":[{"id":4829,"href":"https:\/\/amtsfeld-grundschule.de\/index.php?rest_route=\/wp\/v2\/pages\/4828\/revisions\/4829"}],"wp:attachment":[{"href":"https:\/\/amtsfeld-grundschule.de\/index.php?rest_route=%2Fwp%2Fv2%2Fmedia&parent=4828"}],"curies":[{"name":"wp","href":"https:\/\/api.w.org\/{rel}","templated":true}]}}

<div class="fusion-fullwidth fullwidth-box fusion-builder-row-1 fusion-flex-container nonhundred-percent-fullwidth non-hundred-percent-height-scrolling" style="--awb-border-radius-top-left:0px;--awb-border-radius-top-right:0px;--awb-border-radius-bottom-right:0px;--awb-border-radius-bottom-left:0px;--awb-flex-wrap:wrap;" ><div class="fusion-builder-row fusion-row fusion-flex-align-items-flex-start fusion-flex-content-wrap" style="max-width:1404px;margin-left: calc(-4% / 2 );margin-right: calc(-4% / 2 );"><div class="fusion-layout-column fusion_builder_column fusion-builder-column-0 fusion_builder_column_1_1 1_1 fusion-flex-column" style="--awb-padding-top:12px;--awb-padding-right:12px;--awb-padding-bottom:12px;--awb-padding-left:12px;--awb-overflow:hidden;--awb-bg-color:rgba(233,233,233,0.96);--awb-bg-color-hover:rgba(233,233,233,0.96);--awb-bg-size:cover;--awb-border-color:rgba(146,37,16,0.75);--awb-border-top:12px;--awb-border-right:12px;--awb-border-bottom:12px;--awb-border-left:12px;--awb-border-style:solid;--awb-border-radius:12px 12px 12px 12px;--awb-width-large:100%;--awb-margin-top-large:33px;--awb-spacing-right-large:1.92%;--awb-margin-bottom-large:50px;--awb-spacing-left-large:1.92%;--awb-width-medium:100%;--awb-order-medium:0;--awb-spacing-right-medium:1.92%;--awb-spacing-left-medium:1.92%;--awb-width-small:100%;--awb-order-small:0;--awb-spacing-right-small:1.92%;--awb-spacing-left-small:1.92%;"><div class="fusion-column-wrapper fusion-column-has-shadow fusion-flex-justify-content-flex-start fusion-content-layout-column"><div class="fusion-text fusion-text-1"><p>Fachbereich Inklusion an der Amtsfeld-Schule</p>
<p>Der Fachbereich Inklusion umfasst die professionelle Arbeit in den Teilbereichen:<br />
&#8211; Schulanfangsphase<br />
&#8211; Willkommensklasse<br />
&#8211; Temporäre Lerngruppen (verschiedene Jahrgänge)<br />
&#8211; Temporäre Lerngruppe Plus<br />
&#8211; Integration in der eFöB<br />
&#8211; Schulsozialarbeit<br />
&#8211; Beratung und lernprozessbegleitenden Diagnostik<br />
&#8211; Multiprofessionelle Vernetzung<br />
&#8211; Förderung von Lese-Rechtschreib-Schwäche<br />
&#8211; Ausbildung von Studierenden und die Begleitung von Quereinsteigenden in der Sonderpädagogik<br />
Wir fördern und fordern Kinder im inklusiven Schulumfeld entsprechend ihrer individuellen Voraussetzungen und Bedarfe während des gesamten Schultages.<br />
Wir stärken und beraten Eltern, Pädagog:innen und Netzwerk-Partner:innen zu schulischen, sozialen und pädagogischen Themen.</p>
</div></div></div></div></div>
