{"id":4912,"date":"2026-04-19T16:26:15","date_gmt":"2026-04-19T14:26:15","guid":{"rendered":"https:\/\/amtsfeld-grundschule.de\/?page_id=4912"},"modified":"2026-04-24T12:41:37","modified_gmt":"2026-04-24T10:41:37","slug":"projekt-kehrenbuerger-2026","status":"publish","type":"page","link":"https:\/\/amtsfeld-grundschule.de\/?page_id=4912","title":{"rendered":"Projekt Kehrenb\u00fcrger 2026"},"content":{"rendered":"<div class=\"fusion-fullwidth fullwidth-box fusion-builder-row-1 fusion-flex-container nonhundred-percent-fullwidth non-hundred-percent-height-scrolling\" style=\"--awb-border-radius-top-left:0px;--awb-border-radius-top-right:0px;--awb-border-radius-bottom-right:0px;--awb-border-radius-bottom-left:0px;--awb-flex-wrap:wrap;\" ><div class=\"fusion-builder-row fusion-row fusion-flex-align-items-flex-start fusion-flex-content-wrap\" style=\"max-width:1404px;margin-left: calc(-4% \/ 2 );margin-right: calc(-4% \/ 2 );\"><div class=\"fusion-layout-column fusion_builder_column fusion-builder-column-0 fusion_builder_column_1_1 1_1 fusion-flex-column\" style=\"--awb-bg-size:cover;--awb-width-large:100%;--awb-margin-top-large:0px;--awb-spacing-right-large:1.92%;--awb-margin-bottom-large:0px;--awb-spacing-left-large:1.92%;--awb-width-medium:100%;--awb-spacing-right-medium:1.92%;--awb-spacing-left-medium:1.92%;--awb-width-small:100%;--awb-spacing-right-small:1.92%;--awb-spacing-left-small:1.92%;\"><div class=\"fusion-column-wrapper fusion-flex-justify-content-flex-start fusion-content-layout-column\"><div class=\"fusion-text fusion-text-1\"><h3>Saubere Spielpl\u00e4tze<br \/>\nAm 04.03.2026 haben sich die Sch\u00fclerInnen der Klasse 4d der Amtsfeld-Grundschule, ausgestattet mit M\u00fclls\u00e4cken, M\u00fcllzangen, Arbeitshandschuhen und leuchtenden \u201eEhrenb\u00fcrgerwesten&#8220;, an die Arbeit gemacht und ihren beliebten Spielplatz im Wohngebiet vom M\u00fcll befreit.<br \/>\nIm Rahmen des Sachkundeunterrichts lernten wir eine Menge \u00fcber Umweltschutz und M\u00fclltrennung. Daher wollten wir mit unserer Aktion einen Beitrag f\u00fcr eine saubere Umwelt leisten.<br \/>\nHierf\u00fcr suchten wir uns den Spielplatz aus, den die meisten von uns aus der Kita-Zeit kannten und den wir auch heute noch gern besuchen.<br \/>\nZun\u00e4chst waren wir ziemlich schockiert wieviel Abfall, vor allem kleine Plastikteile, T\u00fcten, Bonbonpapier, Zigarettenreste, Glasscherben und Flaschen auf unserem Spielplatz lagen. Aber dann legten wir los und sammelten alles ein, was wir finden konnten. Der Anblick des gereinigten Spielplatzes machte uns m\u00e4chtig stolz. Nat\u00fcrlich mussten wir gleich einmal ausprobieren, wie es sich auf dem sauberen Spielplatz spielen l\u00e4sst.<br \/>\nWir fragten uns woher der ganze M\u00fcll wohl kommt und stellten fest, dass wir selbst diejenigen sind, die mal ein Taschentuch oder eine Verpackung (aus Versehen) verlieren und damit unseren eigenen Lebensraum verschmutzen.<br \/>\nZuk\u00fcnftig wollen wir aufmerksamer sein, die M\u00fclleimer nutzen und auf jeden Fall mindestens ein Mal im Jahr \u201eKehrenb\u00fcrgerInnen&#8220; sein.<br \/>\nDie Klasse 4d<\/h3>\n<\/div><div class=\"fusion-image-carousel fusion-image-carousel-auto fusion-image-carousel-1 fusion-carousel-border\"><div class=\"awb-carousel awb-swiper awb-swiper-carousel awb-carousel--carousel awb-swiper-dots-position-bottom\" data-layout=\"carousel\" data-autoplay=\"no\" data-autoplayspeed=\"2500\" data-autoplaypause=\"no\" data-columns=\"1\" data-columnsmedium=\"1\" data-columnssmall=\"1\" data-itemmargin=\"13\" data-itemwidth=\"180\" data-touchscroll=\"drag\" data-freemode=\"no\" data-imagesize=\"auto\" data-scrollitems=\"0\" data-centeredslides=\"no\" data-rotationangle=\"50\" data-depth=\"100\" data-speed=\"500\" data-shadow=\"no\" data-pagination=\"bullets\" style=\"--awb-columns:1;--awb-border-width:1px;--awb-border-color:#e9eaee;--awb-dots-align:center;\"><div class=\"swiper-wrapper awb-image-carousel-wrapper fusion-flex-align-items-center\"><div class=\"swiper-slide\"><div class=\"fusion-carousel-item-wrapper\"><div class=\"fusion-image-wrapper hover-type-zoomin\"><img decoding=\"async\" width=\"807\" height=\"605\" src=\"https:\/\/amtsfeld-grundschule.de\/wp-content\/uploads\/2026\/04\/IMG_1201.jpg\" class=\"attachment-full size-full\" alt=\"\" srcset=\"https:\/\/amtsfeld-grundschule.de\/wp-content\/uploads\/2026\/04\/IMG_1201-200x150.jpg 200w, https:\/\/amtsfeld-grundschule.de\/wp-content\/uploads\/2026\/04\/IMG_1201-300x225.jpg 300w, https:\/\/amtsfeld-grundschule.de\/wp-content\/uploads\/2026\/04\/IMG_1201-400x300.jpg 400w, https:\/\/amtsfeld-grundschule.de\/wp-content\/uploads\/2026\/04\/IMG_1201-600x450.jpg 600w, https:\/\/amtsfeld-grundschule.de\/wp-content\/uploads\/2026\/04\/IMG_1201-768x576.jpg 768w, https:\/\/amtsfeld-grundschule.de\/wp-content\/uploads\/2026\/04\/IMG_1201-800x600.jpg 800w, https:\/\/amtsfeld-grundschule.de\/wp-content\/uploads\/2026\/04\/IMG_1201.jpg 807w\" sizes=\"(max-width: 807px) 100vw, 807px\" \/><\/div><\/div><\/div><div class=\"swiper-slide\"><div class=\"fusion-carousel-item-wrapper\"><div class=\"fusion-image-wrapper hover-type-zoomin\"><img decoding=\"async\" width=\"598\" height=\"540\" src=\"https:\/\/amtsfeld-grundschule.de\/wp-content\/uploads\/2026\/04\/IMG_1196.jpg\" class=\"attachment-full size-full\" alt=\"\" srcset=\"https:\/\/amtsfeld-grundschule.de\/wp-content\/uploads\/2026\/04\/IMG_1196-200x181.jpg 200w, https:\/\/amtsfeld-grundschule.de\/wp-content\/uploads\/2026\/04\/IMG_1196-300x271.jpg 300w, https:\/\/amtsfeld-grundschule.de\/wp-content\/uploads\/2026\/04\/IMG_1196-400x361.jpg 400w, https:\/\/amtsfeld-grundschule.de\/wp-content\/uploads\/2026\/04\/IMG_1196.jpg 598w\" sizes=\"(max-width: 598px) 100vw, 598px\" \/><\/div><\/div><\/div><div class=\"swiper-slide\"><div class=\"fusion-carousel-item-wrapper\"><div class=\"fusion-image-wrapper hover-type-zoomin\"><img decoding=\"async\" width=\"807\" height=\"605\" src=\"https:\/\/amtsfeld-grundschule.de\/wp-content\/uploads\/2026\/04\/IMG_1192.jpg\" class=\"attachment-full size-full\" alt=\"\" srcset=\"https:\/\/amtsfeld-grundschule.de\/wp-content\/uploads\/2026\/04\/IMG_1192-200x150.jpg 200w, https:\/\/amtsfeld-grundschule.de\/wp-content\/uploads\/2026\/04\/IMG_1192-300x225.jpg 300w, https:\/\/amtsfeld-grundschule.de\/wp-content\/uploads\/2026\/04\/IMG_1192-400x300.jpg 400w, https:\/\/amtsfeld-grundschule.de\/wp-content\/uploads\/2026\/04\/IMG_1192-600x450.jpg 600w, https:\/\/amtsfeld-grundschule.de\/wp-content\/uploads\/2026\/04\/IMG_1192-768x576.jpg 768w, https:\/\/amtsfeld-grundschule.de\/wp-content\/uploads\/2026\/04\/IMG_1192-800x600.jpg 800w, https:\/\/amtsfeld-grundschule.de\/wp-content\/uploads\/2026\/04\/IMG_1192.jpg 807w\" sizes=\"(max-width: 807px) 100vw, 807px\" \/><\/div><\/div><\/div><div class=\"swiper-slide\"><div class=\"fusion-carousel-item-wrapper\"><div class=\"fusion-image-wrapper hover-type-zoomin\"><img decoding=\"async\" width=\"807\" height=\"605\" src=\"https:\/\/amtsfeld-grundschule.de\/wp-content\/uploads\/2026\/04\/IMG_1191.jpg\" class=\"attachment-full size-full\" alt=\"\" srcset=\"https:\/\/amtsfeld-grundschule.de\/wp-content\/uploads\/2026\/04\/IMG_1191-200x150.jpg 200w, https:\/\/amtsfeld-grundschule.de\/wp-content\/uploads\/2026\/04\/IMG_1191-300x225.jpg 300w, https:\/\/amtsfeld-grundschule.de\/wp-content\/uploads\/2026\/04\/IMG_1191-400x300.jpg 400w, https:\/\/amtsfeld-grundschule.de\/wp-content\/uploads\/2026\/04\/IMG_1191-600x450.jpg 600w, https:\/\/amtsfeld-grundschule.de\/wp-content\/uploads\/2026\/04\/IMG_1191-768x576.jpg 768w, https:\/\/amtsfeld-grundschule.de\/wp-content\/uploads\/2026\/04\/IMG_1191-800x600.jpg 800w, https:\/\/amtsfeld-grundschule.de\/wp-content\/uploads\/2026\/04\/IMG_1191.jpg 807w\" sizes=\"(max-width: 807px) 100vw, 807px\" \/><\/div><\/div><\/div><\/div><div class=\"awb-swiper-button awb-swiper-button-prev\"><i class=\"awb-icon-angle-left\" aria-hidden=\"true\"><\/i><\/div><div class=\"awb-swiper-button awb-swiper-button-next\"><i class=\"awb-icon-angle-right\" aria-hidden=\"true\"><\/i><\/div><\/div><\/div><\/div><\/div><\/div><\/div>\n","protected":false},"excerpt":{"rendered":"","protected":false},"author":5,"featured_media":0,"parent":0,"menu_order":0,"comment_status":"closed","ping_status":"closed","template":"","meta":{"footnotes":""},"class_list":["post-4912","page","type-page","status-publish","hentry"],"_links":{"self":[{"href":"https:\/\/amtsfeld-grundschule.de\/index.php?rest_route=\/wp\/v2\/pages\/4912","targetHints":{"allow":["GET"]}}],"collection":[{"href":"https:\/\/amtsfeld-grundschule.de\/index.php?rest_route=\/wp\/v2\/pages"}],"about":[{"href":"https:\/\/amtsfeld-grundschule.de\/index.php?rest_route=\/wp\/v2\/types\/page"}],"author":[{"embeddable":true,"href":"https:\/\/amtsfeld-grundschule.de\/index.php?rest_route=\/wp\/v2\/users\/5"}],"replies":[{"embeddable":true,"href":"https:\/\/amtsfeld-grundschule.de\/index.php?rest_route=%2Fwp%2Fv2%2Fcomments&post=4912"}],"version-history":[{"count":4,"href":"https:\/\/amtsfeld-grundschule.de\/index.php?rest_route=\/wp\/v2\/pages\/4912\/revisions"}],"predecessor-version":[{"id":4929,"href":"https:\/\/amtsfeld-grundschule.de\/index.php?rest_route=\/wp\/v2\/pages\/4912\/revisions\/4929"}],"wp:attachment":[{"href":"https:\/\/amtsfeld-grundschule.de\/index.php?rest_route=%2Fwp%2Fv2%2Fmedia&parent=4912"}],"curies":[{"name":"wp","href":"https:\/\/api.w.org\/{rel}","templated":true}]}}